{"id":24,"date":"2024-08-05T23:59:04","date_gmt":"2024-08-05T23:59:04","guid":{"rendered":"https:\/\/www.retroautos.com.ec\/?page_id=24"},"modified":"2024-08-06T00:56:24","modified_gmt":"2024-08-06T00:56:24","slug":"retro-autos","status":"publish","type":"page","link":"https:\/\/www.retroautos.com.ec\/","title":{"rendered":"Retro Autos: Alquiler de Cl\u00e1sicos"},"content":{"rendered":"\n<figure class=\"wp-block-image size-large\"><img loading=\"lazy\" decoding=\"async\" width=\"1024\" height=\"576\" src=\"https:\/\/www.retroautos.com.ec\/wp-content\/uploads\/2024\/07\/Fondo-pantalla-Retro-Autos-1024x576.png\" alt=\"carros de renta para bodas, carros para matrimonios, carro para eventos, Mecerdes Benz\" class=\"wp-image-18\" srcset=\"https:\/\/www.retroautos.com.ec\/wp-content\/uploads\/2024\/07\/Fondo-pantalla-Retro-Autos-1024x576.png 1024w, https:\/\/www.retroautos.com.ec\/wp-content\/uploads\/2024\/07\/Fondo-pantalla-Retro-Autos-300x169.png 300w, https:\/\/www.retroautos.com.ec\/wp-content\/uploads\/2024\/07\/Fondo-pantalla-Retro-Autos-768x432.png 768w, https:\/\/www.retroautos.com.ec\/wp-content\/uploads\/2024\/07\/Fondo-pantalla-Retro-Autos-1536x864.png 1536w, https:\/\/www.retroautos.com.ec\/wp-content\/uploads\/2024\/07\/Fondo-pantalla-Retro-Autos.png 1920w\" sizes=\"auto, (max-width: 1024px) 100vw, 1024px\" \/><\/figure>\n\n\n\n<p class=\"has-text-color has-link-color has-large-font-size wp-elements-beddb85e85b587d8109040a49f40b5e8\" style=\"color:#efb810\"><strong>Nuestros Servicios:<\/strong><\/p>\n\n\n\n<h2 class=\"wp-block-heading has-text-align-center has-base-3-background-color has-text-color has-background has-link-color wp-elements-870af5afc52c6afde210aaede09ee440\" style=\"color:#efb810\"><strong><em>Renta de Autos Cl\u00e1sicos para Ocasiones Memorables<\/em><\/strong><\/h2>\n\n\n\n<h3 class=\"wp-block-heading has-text-align-center has-medium-font-size\"><strong><em>Tenemos la Mayor Variedad de Carros Cl\u00e1sicos<\/em><\/strong><\/h3>\n\n\n\n<div class=\"wp-block-columns is-layout-flex wp-container-core-columns-is-layout-9d6595d7 wp-block-columns-is-layout-flex\">\n<div class=\"wp-block-column has-background is-layout-flow wp-block-column-is-layout-flow\" style=\"background-color:#000000\">\n<h2 class=\"wp-block-heading has-text-align-center has-text-color has-link-color wp-elements-275fe51689605b97168e7605c5266cdc\" style=\"color:#efb810\"><strong>Bodas &amp; Compromisos<\/strong><\/h2>\n\n\n\n<figure class=\"wp-block-image size-full\"><img loading=\"lazy\" decoding=\"async\" width=\"500\" height=\"500\" src=\"https:\/\/www.retroautos.com.ec\/wp-content\/uploads\/2024\/07\/bodas.png\" alt=\"Auto cl\u00e1sico para matrimonio, boda, puede besar a la novia, pareja feliz,\" class=\"wp-image-16\" srcset=\"https:\/\/www.retroautos.com.ec\/wp-content\/uploads\/2024\/07\/bodas.png 500w, https:\/\/www.retroautos.com.ec\/wp-content\/uploads\/2024\/07\/bodas-300x300.png 300w, https:\/\/www.retroautos.com.ec\/wp-content\/uploads\/2024\/07\/bodas-150x150.png 150w\" sizes=\"auto, (max-width: 500px) 100vw, 500px\" \/><\/figure>\n\n\n\n<p class=\"has-text-color has-link-color wp-elements-c1820be439da968a1ab57c2e3cb6c500\" style=\"color:#efb810\">Tenemos&nbsp;<strong>La Mayor selecci\u00f3n de Veh\u00edculos Cl\u00e1sicos para bodas<\/strong>.<br>No te pierdas la oportunidad de viajar en uno de nuestros lujosos carros cl\u00e1sicos en&nbsp;<strong>el d\u00eda m\u00e1s importante<\/strong>&nbsp;en la vida de una pareja: el matrimonio.<\/p>\n<\/div>\n\n\n\n<div class=\"wp-block-column has-background is-layout-flow wp-block-column-is-layout-flow\" style=\"background-color:#000000\">\n<h2 class=\"wp-block-heading has-text-align-center has-text-color has-link-color wp-elements-8ece2929b1f45aebeefbec930c390116\" style=\"color:#efb810\"><strong>Eventos Publicitarios<\/strong><\/h2>\n\n\n\n<figure class=\"wp-block-image size-full\"><img loading=\"lazy\" decoding=\"async\" width=\"500\" height=\"500\" src=\"https:\/\/www.retroautos.com.ec\/wp-content\/uploads\/2024\/07\/Evento-Publicitario.png\" alt=\"carro cl\u00e1sico para evento publicitario quito, carro para anuncio, fotos publicitarias\" class=\"wp-image-17\" srcset=\"https:\/\/www.retroautos.com.ec\/wp-content\/uploads\/2024\/07\/Evento-Publicitario.png 500w, https:\/\/www.retroautos.com.ec\/wp-content\/uploads\/2024\/07\/Evento-Publicitario-300x300.png 300w, https:\/\/www.retroautos.com.ec\/wp-content\/uploads\/2024\/07\/Evento-Publicitario-150x150.png 150w\" sizes=\"auto, (max-width: 500px) 100vw, 500px\" \/><\/figure>\n\n\n\n<p class=\"has-text-color has-link-color wp-elements-fbaf137572cb40057006146e1b9a7168\" style=\"color:#efb810\">\u00bfTe dedicas a la&nbsp;<strong>publicidad<\/strong>? \u00bfBuscas un Carro Antiguo para tus&nbsp;<strong>comerciales o fotograf\u00edas<\/strong>? Entonces est\u00e1s en el lugar indicado, en Retro Autos tenemos la variedad m\u00e1s grandes de autos cl\u00e1sicos disponibles para que tu evento publicitario sea&nbsp;<strong>un \u00e9xito rotundo<\/strong>.<\/p>\n<\/div>\n\n\n\n<div class=\"wp-block-column has-background is-layout-flow wp-block-column-is-layout-flow\" style=\"background-color:#000000\">\n<h2 class=\"wp-block-heading has-text-align-center has-text-color has-link-color wp-elements-5dd107f942de502722e4f9c3e09a46f3\" style=\"color:#efb810\"><strong>Fiestas de Quince A\u00f1os<\/strong><\/h2>\n\n\n\n<figure class=\"wp-block-image size-full\"><img loading=\"lazy\" decoding=\"async\" width=\"500\" height=\"500\" src=\"https:\/\/www.retroautos.com.ec\/wp-content\/uploads\/2024\/07\/Quince-Anos.png\" alt=\"quince a\u00f1os, fiestas de quince a\u00f1os, preparativos para 15 a\u00f1os, fiesta rosa.\" class=\"wp-image-21\" srcset=\"https:\/\/www.retroautos.com.ec\/wp-content\/uploads\/2024\/07\/Quince-Anos.png 500w, https:\/\/www.retroautos.com.ec\/wp-content\/uploads\/2024\/07\/Quince-Anos-300x300.png 300w, https:\/\/www.retroautos.com.ec\/wp-content\/uploads\/2024\/07\/Quince-Anos-150x150.png 150w\" sizes=\"auto, (max-width: 500px) 100vw, 500px\" \/><\/figure>\n\n\n\n<p class=\"has-text-color has-link-color wp-elements-8ff603ac74c8428b909ad0c9619b9bf8\" style=\"color:#efb810\">Cumplir&nbsp;<strong>15 a\u00f1os es el d\u00eda m\u00e1s memorable<\/strong>&nbsp;en la vida de toda se\u00f1orita. Y eso es&nbsp;<strong>motivo de celebrar<\/strong>. Para tener una&nbsp;<strong>fiesta de ensue\u00f1o<\/strong>&nbsp;hace falta cuidar de cada detalle. Y No puede faltar&nbsp;<strong>El Auto Cl\u00e1sico que dirige<\/strong>&nbsp;a la deslumbrante quincea\u00f1era a su fiesta.<\/p>\n<\/div>\n<\/div>\n\n\n\n<h2 class=\"wp-block-heading has-text-align-center has-text-color has-background has-link-color wp-elements-350d08b56c17475caa9dcc2944788c8f\" style=\"color:#000000;background-color:#efb810\"><strong><em>Veh\u00edculos de Alquiler<\/em><\/strong><\/h2>\n\n\n\n<div class=\"wp-block-columns is-layout-flex wp-container-core-columns-is-layout-9d6595d7 wp-block-columns-is-layout-flex\">\n<div class=\"wp-block-column is-layout-flow wp-block-column-is-layout-flow\">\n<figure class=\"wp-block-image size-large\"><img loading=\"lazy\" decoding=\"async\" width=\"1024\" height=\"398\" src=\"https:\/\/www.retroautos.com.ec\/wp-content\/uploads\/2024\/07\/4-1024x398.png\" alt=\"Mercedez Benz 500 a\u00f1o 1994 blindado, color negro, de alquiler, de renta, para eventos, para bodas, matrimonios, fiestas de 15 a\u00f1os, arriendo Mercedes Benz 500 Blindado A\u00f1o: 1994\" class=\"wp-image-12\" srcset=\"https:\/\/www.retroautos.com.ec\/wp-content\/uploads\/2024\/07\/4-1024x398.png 1024w, https:\/\/www.retroautos.com.ec\/wp-content\/uploads\/2024\/07\/4-300x117.png 300w, https:\/\/www.retroautos.com.ec\/wp-content\/uploads\/2024\/07\/4-768x299.png 768w, https:\/\/www.retroautos.com.ec\/wp-content\/uploads\/2024\/07\/4-1536x597.png 1536w, https:\/\/www.retroautos.com.ec\/wp-content\/uploads\/2024\/07\/4.png 1800w\" sizes=\"auto, (max-width: 1024px) 100vw, 1024px\" \/><figcaption class=\"wp-element-caption\"><strong>Mercedes Benz 500 Blindado A\u00f1o: 1994<\/strong><\/figcaption><\/figure>\n\n\n\n<figure class=\"wp-block-image size-large\"><img loading=\"lazy\" decoding=\"async\" width=\"1024\" height=\"398\" src=\"https:\/\/www.retroautos.com.ec\/wp-content\/uploads\/2024\/07\/5-1024x398.png\" alt=\"Mercedez Benz 350 a\u00f1o 1974 beige, ocre, avellana, caf\u00e9 con leche, de alquiler, de renta, para eventos, para bodas, matrimonios Mercedes Benz 350 A\u00f1o: 1974\" class=\"wp-image-13\" srcset=\"https:\/\/www.retroautos.com.ec\/wp-content\/uploads\/2024\/07\/5-1024x398.png 1024w, https:\/\/www.retroautos.com.ec\/wp-content\/uploads\/2024\/07\/5-300x117.png 300w, https:\/\/www.retroautos.com.ec\/wp-content\/uploads\/2024\/07\/5-768x299.png 768w, https:\/\/www.retroautos.com.ec\/wp-content\/uploads\/2024\/07\/5-1536x597.png 1536w, https:\/\/www.retroautos.com.ec\/wp-content\/uploads\/2024\/07\/5.png 1800w\" sizes=\"auto, (max-width: 1024px) 100vw, 1024px\" \/><figcaption class=\"wp-element-caption\"><strong>Mercedes Benz 350 A\u00f1o: 1974<\/strong><\/figcaption><\/figure>\n<\/div>\n\n\n\n<div class=\"wp-block-column is-layout-flow wp-block-column-is-layout-flow\">\n<figure class=\"wp-block-image size-large\"><img loading=\"lazy\" decoding=\"async\" width=\"1024\" height=\"398\" src=\"https:\/\/www.retroautos.com.ec\/wp-content\/uploads\/2024\/08\/Mercedes-Benz-260-Ano-1989-1-1024x398.png\" alt=\"Mercedez Benz 260 a\u00f1o 1989 verde, color verde-azulado, en alquiler, de renta, para eventos, para bodas, matrimonios, fiestas de 15 a\u00f1os, bautizos Mercedes Benz 260 A\u00f1o: 1989\" class=\"wp-image-30\" srcset=\"https:\/\/www.retroautos.com.ec\/wp-content\/uploads\/2024\/08\/Mercedes-Benz-260-Ano-1989-1-1024x398.png 1024w, https:\/\/www.retroautos.com.ec\/wp-content\/uploads\/2024\/08\/Mercedes-Benz-260-Ano-1989-1-300x117.png 300w, https:\/\/www.retroautos.com.ec\/wp-content\/uploads\/2024\/08\/Mercedes-Benz-260-Ano-1989-1-768x299.png 768w, https:\/\/www.retroautos.com.ec\/wp-content\/uploads\/2024\/08\/Mercedes-Benz-260-Ano-1989-1-1536x597.png 1536w, https:\/\/www.retroautos.com.ec\/wp-content\/uploads\/2024\/08\/Mercedes-Benz-260-Ano-1989-1.png 1800w\" sizes=\"auto, (max-width: 1024px) 100vw, 1024px\" \/><figcaption class=\"wp-element-caption\"><strong>Mercedes Benz 260 A\u00f1o: 1989<\/strong><\/figcaption><\/figure>\n\n\n\n<figure class=\"wp-block-image size-large\"><img loading=\"lazy\" decoding=\"async\" width=\"1024\" height=\"398\" src=\"https:\/\/www.retroautos.com.ec\/wp-content\/uploads\/2024\/07\/6-1024x398.png\" alt=\"Mercedez Benz 200 a\u00f1o 1967 plomo, gris, de alquiler, de renta, para eventos Mercedes Benz 200 A\u00f1o: 1967\" class=\"wp-image-14\" srcset=\"https:\/\/www.retroautos.com.ec\/wp-content\/uploads\/2024\/07\/6-1024x398.png 1024w, https:\/\/www.retroautos.com.ec\/wp-content\/uploads\/2024\/07\/6-300x117.png 300w, https:\/\/www.retroautos.com.ec\/wp-content\/uploads\/2024\/07\/6-768x299.png 768w, https:\/\/www.retroautos.com.ec\/wp-content\/uploads\/2024\/07\/6-1536x597.png 1536w, https:\/\/www.retroautos.com.ec\/wp-content\/uploads\/2024\/07\/6.png 1800w\" sizes=\"auto, (max-width: 1024px) 100vw, 1024px\" \/><figcaption class=\"wp-element-caption\"><strong>Mercedes Benz 200 A\u00f1o: 1967<\/strong><\/figcaption><\/figure>\n<\/div>\n<\/div>\n\n\n\n<p>Nuestro servicio de&nbsp;<strong>Alquiler de Autos Cl\u00e1sicos<\/strong>&nbsp;es para<strong>&nbsp;Bodas, eventos publicitarios, fiestas de quince-a\u00f1os o fiesta rosada, trayectos VIP<\/strong>&nbsp;y cualquier otra actividad en la que necesites de nuestros servicios de primera.<\/p>\n\n\n\n<p>En Retro Autos es nuestra prioridad&nbsp;<strong>Superar las Expectativas<\/strong>&nbsp;de nuestros clientes a trav\u00e9s de nuestros&nbsp;<strong>3 pilares<\/strong>&nbsp;que son:&nbsp;<strong>Elegancia, Exclusividad, y Puntualidad.<br><\/strong><br>Los autom\u00f3viles que disponemos fueron&nbsp;<strong>cuidadosamente seleccionados<\/strong>&nbsp;para brindar el mayor Lujo, Confort y Distinci\u00f3n a sus usuarios. Como resultado, hemos creado una&nbsp;<strong>experiencia \u00fanica<\/strong>&nbsp;al transportarse en tan magn\u00edficos coches.<\/p>\n\n\n\n<p>Si quieres saber m\u00e1s sobre su arrendamiento, te invitamos a&nbsp;<strong>contactarnos<\/strong>:<\/p>\n\n\n\n<h4 class=\"wp-block-heading has-large-font-size\"><strong><em>Cont\u00e1ctanos<\/em><\/strong>:<\/h4>\n\n\n\n<div class=\"wp-block-columns is-not-stacked-on-mobile is-layout-flex wp-container-core-columns-is-layout-9d6595d7 wp-block-columns-is-layout-flex\">\n<div class=\"wp-block-column is-layout-flow wp-block-column-is-layout-flow\"><\/div>\n\n\n\n<div class=\"wp-block-column is-layout-flow wp-block-column-is-layout-flow\"><\/div>\n<\/div>\n\n\n\n<div class=\"wp-block-columns is-layout-flex wp-container-core-columns-is-layout-9d6595d7 wp-block-columns-is-layout-flex\">\n<div class=\"wp-block-column is-layout-flow wp-block-column-is-layout-flow\" style=\"flex-basis:33.33%\">\n<p class=\"has-text-align-center has-large-font-size\"><strong>Tel\u00e9fonos:<\/strong><\/p>\n\n\n\n<p class=\"has-text-align-center has-text-color has-background has-link-color has-medium-font-size wp-elements-a6feca72675b8e660fbcddd8e701771c\" style=\"color:#000000;background-color:#efb810\"><strong>0993522235<br>0993514641<\/strong><\/p>\n\n\n\n<p class=\"has-text-align-center has-large-font-size\"><strong>Email:<\/strong><\/p>\n\n\n\n<p class=\"has-text-align-center has-text-color has-background has-link-color has-medium-font-size wp-elements-e073e5843c48722459e030b9fa591234\" style=\"color:#000000;background-color:#efb810\"><strong>info@retroautos.com.ec<\/strong><\/p>\n\n\n\n<p class=\"has-text-align-center has-large-font-size\"><strong>Direcci\u00f3n:<\/strong><\/p>\n\n\n\n<p class=\"has-text-align-center has-text-color has-background has-link-color has-medium-font-size wp-elements-3972fb1eef782e26c5edc80acda261a1\" style=\"color:#000000;background-color:#efb810\"><strong>Granados y Jos\u00e9 Queri<\/strong><\/p>\n<\/div>\n\n\n\n<div class=\"wp-block-column is-layout-flow wp-block-column-is-layout-flow\" style=\"flex-basis:66.66%\">\n<p class=\"has-text-align-center has-large-font-size\"><strong>Mapa:<\/strong><\/p>\n\n\n\n<iframe src=\"https:\/\/www.google.com\/maps\/embed?pb=!1m14!1m12!1m3!1d705.3038984299383!2d-78.47017757071511!3d-0.16708687296483982!2m3!1f0!2f0!3f0!3m2!1i1024!2i768!4f13.1!5e0!3m2!1ses-419!2sec!4v1722904663081!5m2!1ses-419!2sec\" width=\"800\" height=\"600\" style=\"border:0;\" allowfullscreen=\"\" loading=\"lazy\" referrerpolicy=\"no-referrer-when-downgrade\"><\/iframe>\n<\/div>\n<\/div>\n\n\n\n<p class=\"has-text-color has-background has-link-color has-medium-font-size wp-elements-0ed2e50137b76bcf0657b071ba1fc8bf\" style=\"color:#000000;background-color:#efb810\"><\/p>\n","protected":false},"excerpt":{"rendered":"<p>Nuestros Servicios: Renta de Autos Cl\u00e1sicos para Ocasiones Memorables Tenemos la Mayor Variedad de Carros Cl\u00e1sicos Bodas &amp; Compromisos Tenemos&nbsp;La Mayor selecci\u00f3n de Veh\u00edculos Cl\u00e1sicos para bodas.No te pierdas la oportunidad de viajar en uno de nuestros lujosos carros cl\u00e1sicos en&nbsp;el d\u00eda m\u00e1s importante&nbsp;en la vida de una pareja: el matrimonio. Eventos Publicitarios \u00bfTe dedicas &#8230; <a title=\"Retro Autos: Alquiler de Cl\u00e1sicos\" class=\"read-more\" href=\"https:\/\/www.retroautos.com.ec\/\" aria-label=\"Leer m\u00e1s sobre Retro Autos: Alquiler de Cl\u00e1sicos\">Leer m\u00e1s<\/a><\/p>\n","protected":false},"author":1,"featured_media":0,"parent":0,"menu_order":0,"comment_status":"closed","ping_status":"closed","template":"","meta":{"footnotes":""},"class_list":["post-24","page","type-page","status-publish"],"_links":{"self":[{"href":"https:\/\/www.retroautos.com.ec\/index.php\/wp-json\/wp\/v2\/pages\/24","targetHints":{"allow":["GET"]}}],"collection":[{"href":"https:\/\/www.retroautos.com.ec\/index.php\/wp-json\/wp\/v2\/pages"}],"about":[{"href":"https:\/\/www.retroautos.com.ec\/index.php\/wp-json\/wp\/v2\/types\/page"}],"author":[{"embeddable":true,"href":"https:\/\/www.retroautos.com.ec\/index.php\/wp-json\/wp\/v2\/users\/1"}],"replies":[{"embeddable":true,"href":"https:\/\/www.retroautos.com.ec\/index.php\/wp-json\/wp\/v2\/comments?post=24"}],"version-history":[{"count":9,"href":"https:\/\/www.retroautos.com.ec\/index.php\/wp-json\/wp\/v2\/pages\/24\/revisions"}],"predecessor-version":[{"id":60,"href":"https:\/\/www.retroautos.com.ec\/index.php\/wp-json\/wp\/v2\/pages\/24\/revisions\/60"}],"wp:attachment":[{"href":"https:\/\/www.retroautos.com.ec\/index.php\/wp-json\/wp\/v2\/media?parent=24"}],"curies":[{"name":"wp","href":"https:\/\/api.w.org\/{rel}","templated":true}]}}